
Let x(y) = -y**3 - 2*y**2 - 30*y - 83. Calculate x(-3).
16
Let g(t) = t**3 - 12*t**2 + 16*t + 95. Determine g(7).
-38
Let f(y) = -5*y**2 + 153*y - 4. Calculate f(0).
-4
Let c(t) = t**2 - 18*t + 27. Give c(12).
-45
Let m(a) = -87*a - 607. Give m(-7).
2
Let i(f) = -122*f - 248. Give i(-2).
-4
Let v(w) = -145*w**2 - 515*w - 241. Calculate v(-3).
-1
Let x(u) = -6*u**2 - 58*u - 42. Calculate x(-9).
-6
Let d(h) = h**2 - 154*h - 1306. Calculate d(-8).
-10
Let k(z) = -2*z**2 + 11*z + 41. Give k(14).
-197
Let g(b) = -10*b**2 - 17*b - 21. Calculate g(-2).
-27
Let f(g) = -985*g - 88655. What is f(-90)?
-5
Let r(o) = 606*o + 73935. Calculate r(-122).
3
Let v(s) = s**3 + 35*s**2 + 97*s + 24. Determine v(-32).
-8
Let p(h) = -172*h + 1210. Calculate p(7).
6
Let d(o) = o**3 - 3*o**2 - 271*o + 1848. Calculate d(8).
0
Let v(y) = -52*y**2 - 3*y - 6. Determine v(0).
-6
Let o(n) = -8*n - 101. Give o(-31).
147
Let t(o) = 8*o - 39. Determine t(6).
9
Let a(n) = -93*n**2 - 32*n - 73. Calculate a(-3).
-814
Let v(h) = -36*h - 496. What is v(-14)?
8
Let m(k) = k**3 - 48*k**2 + 48*k + 69. Calculate m(47).
116
Let b(o) = -78*o**2 - 3199*o - 40. What is b(-41)?
1
Let o(b) = 962*b + 8649. Give o(-9).
-9
Let s(f) = -f**3 + 271*f**2 - 3604*f + 100. Give s(14).
16
Let v(b) = 24*b - 423. Give v(18).
9
Let o(u) = -2*u**2 + 54*u + 28. Give o(29).
-88
Let b(a) = -903*a + 4549. What is b(5)?
34
Let c(y) = -y**3 - 109*y**2 + 121*y + 1253. Calculate c(-110).
43
Let q(h) = -h**2 - 854*h - 5099. Give q(-6).
-11
Let f(q) = -4*q**3 + 217*q**2 - 62*q + 425. Give f(54).
-7
Let g(q) = -q**3 - 6*q**2 - 8*q + 11. Determine g(-4).
11
Let g(w) = 1431*w - 7184. What is g(5)?
-29
Let v(a) = -a**3 + 15*a**2 + 4*a + 190. What is v(16)?
-2
Let a(n) = n**2 - 76*n + 540. Give a(8).
-4
Let b(x) = -14*x**3 - 334*x**2 + 53*x + 63. Calculate b(-24).
-57
Let h(q) = q**2 - 51*q + 703. Give h(27).
55
Let h(u) = u**3 + 18*u**2 - 24*u + 38. Give h(-19).
133
Let h(j) = 4*j**2 - 12*j - 29. What is h(11)?
323
Let l(m) = -80*m - 1997. Determine l(-25).
3
Let d(y) = -y**2 - 22*y + 1396. Determine d(27).
73
Let a(s) = -s**3 - 5*s**2 + 26*s + 114. Calculate a(-9).
204
Let a(c) = c**3 - 6*c**2 - 9*c + 6. What is a(5)?
-64
Let d(x) = x**3 - 12*x**2 - 132*x - 4. Determine d(20).
556
Let t(x) = -101*x + 406. Give t(4).
2
Let g(k) = 8*k**2 - 39*k + 102. Determine g(3).
57
Let o(q) = -179*q - 16105. Determine o(-90).
5
Let j(m) = -m**3 + 17*m**2 + 60*m + 13. Determine j(20).
13
Let m(u) = 4*u**3 + u**2 - 6*u + 6. Give m(2).
30
Let h(y) = 33*y**2 + 2973*y + 266. What is h(-90)?
-4
Let a(v) = 38*v**3 - 2*v**2 + 3*v. Determine a(1).
39
Let z(c) = -10*c**3 + 62*c**2 - 20*c + 1. Give z(6).
-47
Let d(g) = 660*g - 651. What is d(1)?
9
Let t(c) = c**3 + 44*c**2 - 237*c + 424. What is t(-49)?
32
Let x(l) = l**3 + 122*l**2 + 195*l + 23784. Give x(-122).
-6
Let x(t) = -11*t**2 - 298*t - 9. Give x(-27).
18
Let g(d) = -d**3 - d**2 - 41*d + 52. Determine g(0).
52
Let o(d) = -d**2 + 1062*d + 19476. Calculate o(-18).
36
Let n(h) = -3*h**3 + 42*h**2 + 252*h - 3533. Calculate n(14).
-5
Let b(q) = -28*q + 555. Determine b(23).
-89
Let y(l) = l**3 - 13*l**2 - 11*l - 9. Determine y(13).
-152
Let p(m) = -m**3 - 23*m**2 - 66*m - 13. Determine p(-3).
5
Let l(a) = -a**3 + 3*a**2 + 41*a + 74. What is l(-2)?
12
Let l(n) = 25*n + 12. What is l(-10)?
-238
Let r(n) = 3*n**3 + 14*n**2 + 20*n + 64. What is r(-4)?
16
Let q(i) = -i**3 + 43*i**2 + 39*i + 283. Determine q(44).
63
Let j(r) = -3*r**3 + 7*r**2 + 49*r - 155. Determine j(3).
-26
Let p(y) = y**2 + 38*y + 234. Determine p(-7).
17
Let i(s) = s**3 + 81*s**2 + 91*s + 886. Calculate i(-80).
6
Let y(v) = 745*v**2 - 110*v + 109. Calculate y(1).
744
Let m(t) = -100*t - 772. Give m(-8).
28
Let t(i) = -4*i**2 - 226*i - 120. Calculate t(-54).
420
Let x(r) = 61*r + 1611. Determine x(-26).
25
Let f(s) = 4*s**2 + 17*s + 22. Determine f(8).
414
Let b(x) = -3*x**2 - 310*x + 1182. Calculate b(-107).
5
Let p(w) = w**3 + 45*w**2 - 422*w + 95. Calculate p(-53).
-11
Let c(u) = u**3 + 39*u**2 - 4*u - 148. Calculate c(-39).
8
Let f(b) = -296*b - 1141. Determine f(-5).
339
Let f(d) = 17*d + 24. Calculate f(8).
160
Let n(x) = 24683*x - 49372. What is n(2)?
-6
Let w(g) = 20*g + 36. Calculate w(-4).
-44
Let b(f) = 2*f**2 + 74*f - 4316. What is b(-69)?
100
Let q(v) = -7*v**3 - 227*v**2 + 130*v - 87. Calculate q(-33).
-21
Let h(n) = -n**3 - 16*n**2 - 79*n - 113. Give h(-6).
1
Let h(d) = d**3 - 29*d**2 + 54*d + 38. Give h(27).
38
Let u(l) = 8*l**2 + 156*l - 12. Determine u(-20).
68
Let i(q) = q**3 - 8*q**2 - 64*q + 149. What is i(2)?
-3
Let x(c) = -2*c**3 - c - 3. Determine x(-4).
129
Let b(c) = 93*c + 3420. Determine b(-37).
-21
Let s(f) = 3*f**2 - 48*f - 80. Determine s(-3).
91
Let p(u) = -2*u**2 - 19*u + 1561. Calculate p(-34).
-105
Let o(r) = -r**3 + 13*r**2 + 39*r - 658. Give o(12).
-46
Let d(r) = -5602*r - 61612. Give d(-11).
10
Let i(z) = -37*z - 442. What is i(15)?
-997
Let b(u) = -257*u - 2824. What is b(-11)?
3
Let p(s) = s**2 - 58*s + 483. Give p(48).
3
Let m(i) = -2*i**3 + 54*i**2 - 95*i - 127. Calculate m(25).
-2
Let k(r) = 2*r**2 - 44*r + 153. What is k(18)?
9
Let l(u) = -u**2 - 14*u + 357. Determine l(18).
-219
Let n(f) = f**3 - 7*f**2 - 25*f + 69. Calculate n(7).
-106
Let y(d) = -d**3 - 59*d**2 - 77*d - 1120. What is y(-58)?
-18
Let a(d) = -586*d - 289. Calculate a(-1).
297
Let q(k) = -k**3 - 68*k**2 - 11*k - 735. Calculate q(-68).
13
Let w(t) = 4484*t + 26914. Determine w(-6).
10
Let b(o) = -290*o + 1152. What is b(4)?
-8
Let s(o) = -o**3 + 51*o**2 - 103*o + 41. Give s(49).
-204
Let c(x) = -171*x - 516. Calculate c(-3).
-3
Let l(a) = a**2 - 90*a + 1546. What is l(63)?
-155
Let p(n) = n**2 + 20*n - 1325. Determine p(28).
19
Let m(i) = -2*i**2 + 151*i + 806. Determine m(-5).
1
Let c(q) = -94*q**2 - 15*q - 14. What is c(-1)?
-93
Let q(z) = z**2 - 30*z - 129. What is q(-4)?
7
Let d(f) = 302*f + 595. What is d(-2)?
-9
Let a(r) = 4*r**3 - 129*r**2 - 110*r + 361. Calculate a(33).
-2
Let l(w) = -w**2 + 64*w - 981. Determine l(25).
-6
Let y(h) = -h**3 - 2*h**2 + 58*h + 124. Determine y(8).
-52
Let v(l) = l**2 - 9*l - 503. Calculate v(-20).
77
Let j(i) = -2*i**2 + 214*i - 1215. Give j(101).
-3
Let f(b) = 210*b - 1309. Calculate f(6).
-49
Let x(j) = 155*j**2 - 615*j - 13. What is x(4)?
7
Let w(o) = -764*o + 3837. Calculate w(5).
17
Let s(f) = -29*f + 70. Determine s(-6).
244
Let n(b) = -b**3 - 14*b**2 + 196*b - 12. What is n(-22)?
-452
Let y(x) = 110*x - 22. What is y(-1)?
-132
Let n(x) = -5*x**3 - 3*x**2 - 4*x + 3. Determine n(-3).
123
Let i(g) = g**3 - 198*g**2 - 188*g - 2163. Give i(199).
26
Let p(k) = -k**2 - 32*k - 96. What is p(-27)?
39
Let r(l) = -90*l + 56. What is r(-2)?
236
Let t(q) = 2*q**2 - 53*q + 88. Give t(21).
-143
Let u(y) = -53*y + 2343. Give u(44).
11
Let o(d) = 15*d - 383. Calculate o(25).
-8
Let t(i) = -80*i + 498. Calculate t(6).
18
Let z(k) = 2*k**3 - 12*k**2 + 5*k - 24. Calculate z(6).
6
Let l(a) = -20*a - 385. Give l(-25).
115
Let l(a) = -85*a + 204. Give l(4).
-136
Let k(c) = -116*c - 13239. What is k(-114)?
-15
Let m(s) = 63*s + 81. Calculate m(6).
459
Let r(g) = -2*g**2 + 31*g - 5. Calculate r(16).
-21
Let t(m) = 296*m + 23083. Calculate t(-78).
-5
Let n(h) = 30*h**2 - 297*h + 55. Give n(10).
85
Let k(i) = 2*i**2 + 370*i + 11169. Determine k(-147).
-3
Let q(z) = 15*z**2 + z - 36. Determine q(8).
932
Let z(c) = -15*c - 162. Give z(-10).
-12
Let b(s) = -s**3 - 38*s**2 - 9*s - 42. What is b(-38)?
300
Let y(b) = -40*b - 94. What is y(-2)?
-14
Let w(p) = -p + 94. What is w(29)?
65
Let l(p) = -p**3 + 12*p**2 + 38*p - 453. Calculate l(13).
-128
Let o(s) = -s**3 + 14*s**2 - 10*s - 16. Calculate o(13).
23
Let k(o) = 10*o - 213. What is k(27)?
57
Let g(y) = y**3 + 7*y**2 + 14*y + 45. What is g(-6)?
-3
Let p(b) = -36*b**2 + 85*b + 57. What is p(3)?
-12
Let m(v) = -3*v**2 - 8*v + 81. Give m(4).
1
Let b(a) = a**3 + 7*a**2 - 9*a - 8. Determine b(5).
247
Let r(u) = u**3 + 6*u**2 + 129*u + 1035. Give r(-8).
-125
Let i(v) = v**3 + 14*v**2 + 20*v - 18. What is i(-14)?
-298
Let d(m) = 12757*m + 76549. What is d(-6)?
7
Let s(n) = -477*n - 11386. Determine s(-24).
62
Let t(i) = -214*i - 2202. What is t(-10)?
-62
Let o(r) = 3*r**3 - 21*r**2 + 14*r + 2. What is o(6)?
-22
Let j(w) = w**3 + 15*w**2 + 96*w + 1798.